= 2715 - 2704. What is the highest common divisor of 473 and l?
11
Suppose 3*q - 4*q + 1 = -d, 2*d = 4*q - 12. Suppose -3*a + 3 = q*o, 3*a + 2*o - 12 = -0*o. Let n = -26 + 44. What is the highest common factor of a and n?
6
Let j(b) = -14*b - 20. Let y be j(-2). Calculate the greatest common factor of y and 44.
4
Let w = 31 - 23. Let u = w - -8. What is the highest common divisor of 176 and u?
16
Suppose 0 = -2*k + 7*k - 20, -4*k = 5*p - 26. Suppose m + p*m - 477 = 0. Suppose -m = -5*j - 29. Calculate the highest common factor of 39 and j.
13
Suppose -1336 = -11*w + 5077. What is the highest common divisor of w and 22?
11
Suppose j + j + 3*p - 48 = 0, 2*j + 4*p = 48. Let q be (15/j*-2)/((-1)/20). Calculate the highest common divisor of 25 and q.
25
Suppose -3*j + 5*r = -81, 9 = -0*r - 3*r. Suppose o + 3*o = 352. Calculate the greatest common factor of j and o.
22
Let b = 228 + -168. What is the greatest common divisor of 120 and b?
60
Suppose a - 5*t + 10 = 0, -19 - 66 = -5*a - 2*t. What is the greatest common divisor of 155 and a?
5
Let l = -180 - -236. Calculate the greatest common factor of l and 42.
14
Suppose -3*l + 504 = -2*n, 4*n - 34 = -l + 134. What is the greatest common factor of 7 and l?
7
Let c be 20 + 11 - (-2)/(-2). Calculate the greatest common divisor of 10 and c.
10
Suppose -5*z + 13 = -32. Let h(a) = 55*a + 1081. Let n be h(-19). Calculate the greatest common factor of z and n.
9
Let r be 2/(-1) + 8 + -83 + 217. What is the highest common divisor of r and 320?
20
Let f(v) = -v**2 - 10*v + 7. Let o be f(-10). What is the greatest common factor of o and 56?
7
Suppose 52 = 5*n - 3. Let v be ((-14)/2)/(n/(-22)). Let m be (-6)/v - 6948/(-42). What is the highest common divisor of m and 15?
15
Suppose 0 = 100*a - 129*a + 52635. What is the highest common divisor of 15 and a?
15
Let d(w) = -4 - 7 + 16*w + 5 + 1. Let n be d(9). Let b = 251 - n. What is the highest common factor of b and 14?
14
Suppose 5*t - 21 = 2*o, 5*t + 65 = -5*o - 40. Let g be 18/4 + o/(-12). Let q be 46/g - 2/3. What is the highest common factor of 28 and q?
7
Suppose -239*o + 249*o = 2760. What is the highest common divisor of o and 12?
12
Let k(v) = -v**3 + 4*v**2 + 8*v + 5. Let i be k(6). Let u(s) = 9*s - 4. Let n be u(5). Let d = i + n. Calculate the greatest common divisor of d and 55.
11
Let r = -27 - -29. Let f be r/(-3) - 8/(-3). Suppose 0 = f*w, -w + 0 = -4*i + 4. What is the highest common factor of 5 and i?
1
Suppose 2*t = 2*s + 2 + 10, -5 = -5*s. What is the highest common factor of t and 217?
7
Let o(d) = d**2 - 13*d - 20. Let n be o(17). Calculate the greatest common divisor of n and 36.
12
Let j be (875/175)/((-5)/(-2)). What is the greatest common factor of j and 454?
2
Let w = 375 - -76. Calculate the highest common factor of 41 and w.
41
Suppose -4 = -t - 37. Let x be (-4)/(-10) + t/(-5). Suppose 0*f - 2*f = -14. Calculate the greatest common factor of x and f.
7
Let q be 2/(-1)*(-45)/6. Suppose -o = -2*t + 61, 4*o + q = -5. What is the highest common factor of t and 252?
28
Suppose -2*u - 6 - 82 = 0. Let x be u/(-10)*40/16. Let w = x + 19. Calculate the highest common divisor of w and 75.
15
Let n(h) = -h**2 - 11*h + 2. Let i be n(-10). Let o be (i*-4)/(-4) - 2. Let g = 18 - 8. What is the highest common factor of g and o?
10
Let j(z) = z**3 + z**2 - 4*z + 3. Let i be j(3). Let s(d) = 4*d + 1. Let v be s(11). Let c be -42*2/(20/(-1))*v. What is the greatest common divisor of c and i?
27
Suppose -2*o + 13 = -3. Let t be 29 - 2/(o/4). Suppose l - 3*z = 13, -l + 2*z - 4*z + t = 0. What is the highest common factor of l and 33?
11
Let j be (-2 + -8)*(-90)/75. Let a be 8/j*-3*-57. Calculate the greatest common divisor of 6 and a.
6
Let i = 48 - -21. What is the highest common factor of 6 and i?
3
Let n be (-12)/(1 + 165/84 + -3). What is the greatest common factor of n and 70?
14
Suppose 2 = g + 3*w, -97 = -2*g + 5*w - 38. Calculate the highest common factor of 1207 and g.
17
Let h(i) = 7*i**2 + i + 1. Let w be h(-1). Suppose -2*y - w + 15 = 0. Let n = y + 5. What is the greatest common factor of n and 81?
9
Let t(k) = k**2 - 2*k - 1. Let p be t(-1). Calculate the greatest common divisor of p and 64.
2
Suppose 1082 = -4*k + 3318. Calculate the greatest common factor of 129 and k.
43
Let y be 1/3 + (-207)/(-27). What is the highest common factor of 184 and y?
8
Suppose -54 = -4*x - 2*x. Let g be 15/3 - (2 + 0). Calculate the highest common divisor of x and g.
3
Suppose 4*r = 3*b + 28, -5*r - 3*b + 28 = -7. Let n(x) = -r + 2*x + x + 8*x**2 + x**3 - 2*x. Let z be n(-7). What is the greatest common divisor of z and 7?
7
Suppose -4*i - 2*z = -562, -z + 150 = 3*i - 271. Calculate the highest common divisor of 40 and i.
20
Suppose 8*m - 4*m - 56 = 0. Suppose m = 3*h + 5. What is the highest common divisor of 33 and h?
3
Let i be 8/(-28) - 466/(-14). Let b(v) = -v**3 + 7*v**2 + 6*v - 6. Let y be b(6). Calculate the highest common divisor of i and y.
33
Let u be ((-2)/((-8)/6))/(18/252). Calculate the highest common divisor of u and 336.
21
Suppose -28*s = -44*s + 4320. Calculate the highest common factor of 45 and s.
45
Let f be ((-147)/2)/((-6)/8). What is the highest common divisor of 833 and f?
49
Let b be 4/(-10) - (-288)/20. Let p = 453 - 299. Calculate the greatest common divisor of b and p.
14
Let l be (1*5)/((-1)/(-5)). Suppose -4*u = -4*z + 280, 0 = 3*z - 2*z - 5*u - 58. Let h = -48 + z. Calculate the highest common factor of l and h.
25
Suppose 3 = -4*h + 75. Suppose -324 = c + 9*c - 19*c. Calculate the greatest common divisor of c and h.
18
Suppose 89*h - 18304 = -15*h. Let r be 3/(3/(-8))*-2. Calculate the greatest common divisor of h and r.
16
Suppose -50 - 28 = -3*t. Suppose -5*k = 2*j - 382, -3 = 3*j + 9. Calculate the highest common divisor of k and t.
26
Let o = 347 - 335. Calculate the highest common factor of o and 108.
12
Let r = 30 + -30. Suppose r = 4*x + 4*c - c - 371, -x + 94 = 2*c. What is the highest common factor of x and 23?
23
Let f be (-931)/21*-3*1. What is the greatest common divisor of f and 19?
19
Suppose 36*q - 39*q + 549 = 0. What is the highest common factor of 305 and q?
61
Suppose 0 = 3*d + 3*a - 45, 2*a + 0*a = -3*d + 40. Let j(f) = -f**2 + f + 90. Let o be j(0). Let h = o + -10. Calculate the highest common divisor of h and d.
10
Suppose 0 = u - 3*u - 10. Let h be -21*28*u/15. What is the highest common factor of 28 and h?
28
Suppose 4*o = 2*c - 184, 0 = -5*o - 0*c + c - 233. Let q = -29 - o. What is the highest common factor of 36 and q?
18
Suppose 2*m + 23 - 129 = 0. Let t = m - 45. Calculate the highest common factor of t and 72.
8
Let k(r) = -6*r - 43. Let z be k(-15). Calculate the highest common factor of z and 1.
1
Let o be (-4)/(14/8 + -2). Suppose 0 = 7*d - 49 + 21. What is the highest common divisor of o and d?
4
Let w(m) = -128*m**2 + 131*m**2 + 0*m - m - 9. Let i be w(-3). What is the highest common factor of 21 and i?
21
Suppose -2*u + 5*g = 17, -2*u - 12 = -g - 3*g. Let m = -97 + 101. What is the highest common factor of u and m?
4
Let g be 1/5 + (658/(-5))/(-7). Calculate the highest common factor of 5 and g.
1
Suppose 11 = -3*m - 16. Let n = m - -12. Suppose 0 = -n*w + 4*c + 43, c - 2*c - 100 = -5*w. What is the greatest common factor of w and 3?
3
Let d(w) = -w**3 + 14*w**2 + 18*w - 13. Let k be d(15). Let q = k + -55. Let y = q + 43. What is the greatest common divisor of y and 60?
20
Let k = 1348 + -1340. What is the greatest common factor of 1296 and k?
8
Let b be (-2)/(-12) + (-469)/42. Let j = 37 + b. Calculate the greatest common divisor of 208 and j.
26
Let b(z) = z**3 + 5*z**2 - 18*z - 1. Let f be b(-7). What is the greatest common factor of f and 144?
9
Suppose 8 = -5*z - 4*r + 26, -z = -5*r + 8. Suppose -3 = -k + z. Suppose k*f - j + 0*j = 130, 60 = 3*f + 3*j. Calculate the highest common factor of f and 25.
25
Let g be (-2)/(-3)*60/8. Suppose 2*u = -0*t - 3*t + 265, 4*u = t - 65. What is the greatest common divisor of g and t?
5
Let a(f) = 51*f + 105. Let r be a(5). Calculate the greatest common divisor of r and 40.
40
Suppose 0 = 5*f + 4*c - 49, -2*f - 48 = -6*f - c. Let l = 16 - f. Let d = 25 - 13. What is the highest common divisor of l and d?
3
Let i = 130 - -4. Suppose -7*w - 2